 = g + 10. Suppose -4*t = -2*l + t - 20, 0 = 2*l - 2*t + 8. What are the prime factors of r(l)?
2, 5
Suppose -4*j + 37 = -71. List the prime factors of j.
3
Let b be (-3)/2 - 1/2. List the prime factors of (-42)/(-4) + (-1)/b.
11
Suppose -6*g - 30 = -g. What are the prime factors of (-205)/(-15) + (-2)/g?
2, 7
Let f be (7*-1)/((-1)/3). Suppose 3 = 4*g - f. What are the prime factors of g?
2, 3
Suppose -2*r + p = -4, 2*p + 1 = 3*r - 4. Let m(s) = s + 1. Let l be m(r). Let o = l + -1. List the prime factors of o.
3
Let v = -10 - -13. What are the prime factors of v?
3
Let b be 191/6 - (-1)/6. Suppose -b = -2*z + 6. List the prime factors of z.
19
Let z(u) = -u**3 + 7*u**2 - 7*u + 30. List the prime factors of z(5).
3, 5
Suppose -5*d - j + 4*j + 21 = 0, -5 = d + 4*j. Let q be d/12 - 15/(-4). Let f = q - 2. What are the prime factors of f?
2
Let l be 4 + 0 + (-2 - -2). Suppose 0 = -2*s - 2*n, 16 = 3*s + 3*n - l*n. What are the prime factors of s?
2
Suppose -5*r + r + 549 = -m, -5*r - m + 693 = 0. What are the prime factors of r?
2, 3, 23
Suppose -6 = -2*y - y. Suppose -u + 54 = -3*n, 132 = 3*u - y*n + 3*n. Suppose 3*b + u = 6*b. What are the prime factors of b?
3, 5
Let w(i) = i**3 - 5*i**2 + 4*i + 3. Let o be w(4). Suppose 34 = o*h - 8. List the prime factors of h.
2, 7
Let s be (4/(-6))/((-2)/9). Suppose -s*c = -11 - 1. Suppose 2*q - c = 12. List the prime factors of q.
2
Let m(c) = c**3 + 6*c**2 + 2*c + 2. List the prime factors of m(-4).
2, 13
Let l(u) = -u + 3. Let q be l(0). Suppose 3 = q*f - 6. Suppose 36 = f*s - 4*m, -5*s - m = -19 - 18. What are the prime factors of s?
2
Suppose 7*b - 70 = 5*b. List the prime factors of b.
5, 7
Suppose 2 + 2 = -4*r. Let g be -3*1 - (r - 2). Suppose -2*w = -3*l + 32 + 17, -5*l + 2*w + 83 = g. List the prime factors of l.
17
What are the prime factors of 2786/21 - (-2)/6?
7, 19
Suppose -236 = 2*w - 6*w + 4*o, 0 = 4*w + 3*o - 264. List the prime factors of w.
3, 7
Let c(v) = v**3 - 8*v**2 + 9. Let o be c(8). Let m be (-2*1 - -3) + -2. Let d = o + m. List the prime factors of d.
2
Let s = -7 + 9. List the prime factors of (2/(-3))/(s/(-9)).
3
Let z(g) = g + 12. What are the prime factors of z(11)?
23
Suppose -4*r - 3 = -2*h - r, -h - 5*r = 18. Let x be (-42)/2*2/h. Let z = x - 3. List the prime factors of z.
11
Suppose -6*j + 9 = -3*j. Suppose 2*g - j*m + 3 = 0, -4*g - m + 1 = g. Suppose g = -t - 3*n + 5, -2*t - 8 = -n - 32. What are the prime factors of t?
11
Suppose -99 = -2*a - p, 0*p + 1 = p. List the prime factors of a.
7
Suppose 0 = -10*u + 765 + 155. What are the prime factors of u?
2, 23
Let m(r) = 3 - 5*r + 1 - 3. What are the prime factors of m(-2)?
11
Suppose -i - 5*q + 18 = -9, 4*i + 4*q - 44 = 0. Let x(m) = -m**3 + 7*m**2 + m + 6. What are the prime factors of x(i)?
13
Let q = 0 + 6. What are the prime factors of 156/8 + 9/q?
3, 7
Suppose -112 = 4*t + 2*o, t + 2*o = -41 + 7. Let p = 39 + t. Suppose 2*x - 1 = p. What are the prime factors of x?
7
Suppose 3*o - 5*t = -34, 2*o - 2*t + 13 = -11. What are the prime factors of (-1)/(o/6 + 2)?
2, 3
Let h be (-9)/(-6)*14/3. Let i(k) = -k**2 + 7*k + 2. Let y be i(h). Suppose -y*q + 16 = 5*w, -5*w + q = -4*q - 30. List the prime factors of w.
2
List the prime factors of (-33)/(1/4*-6).
2, 11
Suppose 632 = 6*g - 2*g. List the prime factors of g.
2, 79
Suppose 3*f + 10 + 8 = 0. Let r(n) = -7 + 2*n - 10*n**2 + 13*n**2 - 2*n**2. List the prime factors of r(f).
17
Let s(u) = -u**3 + 6*u**2 + 10*u + 7. Let b be s(8). Let h = b + 57. List the prime factors of h.
2
Let i(g) = -g**2 - 5*g - 6. Let v be i(-4). Let x = v + 22. Suppose 2*l + 41 = 3*y, -18 = -3*y - l + x. What are the prime factors of y?
13
Suppose -4*b - 1 + 7 = -5*a, 2*b = -2*a + 12. Suppose 2 + 6 = -b*x. List the prime factors of 2 + 4/x + 2.
2
Let g(m) be the first derivative of -m**4/4 - m**3 + 3*m**2/2 + 4*m - 4. What are the prime factors of g(-4)?
2
Suppose -5*t + w + 18 = 0, 4*w = -3*t + 11 + 9. Suppose -t*j = -7 - 5. Let l = 23 - j. What are the prime factors of l?
2, 5
Let p(l) = -4*l - 4. Let z be p(-2). Suppose -z = -3*x + 2*h, 6 + 2 = 4*x - 2*h. List the prime factors of x.
2
Let x(f) = -3 - 7*f + 0*f**2 - 3 + 3 + f**2. List the prime factors of x(9).
3, 5
Suppose 0 = 3*h - 5*v + v - 1, 5*v = 3*h - 2. Let a = 17 + h. What are the prime factors of a?
2
Let h(d) = -10*d + 3. List the prime factors of h(-1).
13
List the prime factors of 1*(-2 + 1) + 20.
19
Let d(r) = 28*r**2 - r. What are the prime factors of d(-1)?
29
Suppose 0 = 3*s - 0 - 6. Let m = s + 4. Let r = m + 0. List the prime factors of r.
2, 3
Let b(t) = t**2 - 3*t - 1. What are the prime factors of b(-1)?
3
Suppose 0 = -0*n - 2*n + 10. Suppose -n*l + 65 = 2*i, -20 = 2*l - 3*l + i. What are the prime factors of l?
3, 5
Let w = -2 + 64. List the prime factors of w.
2, 31
Let j = 901 + -547. What are the prime factors of j?
2, 3, 59
Let y be (4/6)/(2/12). Let h = 7 - y. Suppose -h*x - x = -24. What are the prime factors of x?
2, 3
Let c = -4 + 16. Suppose 3*i - 3 = 4*k + 4*i, -4*i - c = 4*k. Suppose k = -s + 2 + 1. List the prime factors of s.
3
Let l(z) = 13*z. Let q be l(2). Let f = q - 14. List the prime factors of f.
2, 3
Suppose 7 - 1 = -a. Let o = a + 42. What are the prime factors of o?
2, 3
Suppose -3*v + 0*d + 4*d + 425 = 0, d = 4*v - 571. What are the prime factors of v?
11, 13
Let q = 671 + -387. What are the prime factors of q?
2, 71
Let x(a) = -a**2 + 6*a + 9. Let p be x(7). What are the prime factors of p*14 - (3 - 2)?
3
Let s be (-1)/3 + (-14)/3. Suppose 0*g + 3*g = -5*i + 1, -25 = 5*g - 5*i. What are the prime factors of (g - s)/(2/13)?
13
Suppose -4*u - 5*g + 30 = u, -17 = -4*u + 3*g. Suppose 0 = 2*a + a - 2*o + 8, -20 = -u*o. Let s = 15 + a. What are the prime factors of s?
3, 5
Suppose 0*c - 9 = 3*c, 0 = -5*n - 5*c - 695. Let v be n/(-14) + 2/7. Suppose 5 = 3*j - v. What are the prime factors of j?
5
Let q = 112 - 77. List the prime factors of q.
5, 7
Suppose g - 4*b = 6*g - 1004, -g + 202 = 2*b. List the prime factors of g.
2, 5
Let k(w) = -w**2 + 2*w + 2. Let j be k(-4). Let z = j - 8. Let u = -16 - z. What are the prime factors of u?
2, 7
Suppose 2*w = 6 + 6. What are the prime factors of w?
2, 3
Let b = 11 + -3. Let a(v) = v**3 - 7*v**2 - 8*v + 3. List the prime factors of a(b).
3
Suppose 0 = -2*x + 133 + 35. List the prime factors of x.
2, 3, 7
Let t(z) = -z**3 + 3*z**2 + 5*z + 1. Let f be t(4). Let i be (-25)/(-10)*4/f. Suppose -a + i + 5 = 0. List the prime factors of a.
7
Suppose 0 = v + c - 2*c, 3*v - c - 8 = 0. Suppose -g + 8 - 1 = 0. Let x = g - v. What are the prime factors of x?
3
Let a(b) = -45*b - 53. What are the prime factors of a(-4)?
127
Suppose -a + 5 = -2*b + 14, -3*b + 10 = -5*a. What are the prime factors of (a/(-2))/(2/(-44))?
11
Let f = -99 - -188. What are the prime factors of f?
89
Let l be 13 - ((-2 - 1) + 4). Suppose 3 = z - 3*p, 4*z = -2*p - p + l. Suppose 3*a - 8*a - c + 13 = 0, -11 = -z*a + c. List the prime factors of a.
3
Let u(d) = -53*d**2 + d + 2. Let c be u(2). What are the prime factors of c/(-28) + 3/(-7)?
7
Suppose 7 = 3*s - 5. Suppose -3*z - y = s*y - 101, -4*y = 4*z - 132. List the prime factors of z.
2
Let c(j) = 16*j**2 - 3*j**2 + 20 + j - 6 - j**3. List the prime factors of c(13).
3
Suppose -5*z = 2*z + 224. Let p = -5 - z. List the prime factors of p.
3
Suppose -6 = 2*q, -5*q + 4 = -5*v + 34. Suppose a + 25 = 3*t, 5*t - 4*a = 27 + v. List the prime factors of t.
2, 5
Let l = 2 - -1. Suppose l*v + 11 = 35. List the prime factors of v.
2
Let p = 7 - 3. Let r(v) = v - 4. Let m be r(p). Suppose y - 4*y = l - 22, -4*y + 20 = m. List the prime factors of l.
7
Let a(d) = -d + 5. Let g be a(0). Suppose 6 = g*h - 59. What are the prime factors of h?
13
Suppose 3*o - 5*r + 13 = 0, 5*o - 4*r + 16 = 4*o. Suppose o*s - 22 = 2*n, 5*s - 20 = -5*n - 0. List the prime factors of s.
5
Let x be (-22)/8 + 2/(-8). Let d be (35/14)/((-2)/4). Let j = x - d. What are the prime factors of j?
2
Suppose 5*r = -10 - 15. List the prime factors of 2/r - 208/(-20).
2, 5
Let o(y) = y + 1. Let q be o(-2). Let c = 3 + q. What are the prime factors of c?
2
Let d be (-3 - -3) + 48/3. Suppose -60 = -2*i - d. List the prime factors of i.
2, 11
Let w be -15*(1 + (-8)/5). Let n(m) = -m + 12. Let y be